{"id":71,"date":"2021-02-15T04:43:04","date_gmt":"2021-02-15T04:43:04","guid":{"rendered":"https:\/\/themes.hasthemes.com\/mexi\/?page_id=71"},"modified":"2025-12-05T10:48:54","modified_gmt":"2025-12-05T10:48:54","slug":"services","status":"publish","type":"page","link":"http:\/\/ylzotomotiv.com\/?page_id=71","title":{"rendered":"Hizmetlerimiz"},"content":{"rendered":"\t\t<div data-elementor-type=\"wp-page\" data-elementor-id=\"71\" class=\"elementor elementor-71\">\n\t\t\t\t\t\t\t\t\t<section class=\"elementor-section elementor-top-section elementor-element elementor-element-535c8b84 elementor-section-height-min-height elementor-section-boxed elementor-section-height-default elementor-section-items-middle\" data-id=\"535c8b84\" data-element_type=\"section\" data-settings=\"{&quot;background_background&quot;:&quot;classic&quot;}\">\n\t\t\t\t\t\t<div class=\"elementor-container elementor-column-gap-default\">\n\t\t\t\t\t<div class=\"elementor-column elementor-col-100 elementor-top-column elementor-element elementor-element-55efeae9\" data-id=\"55efeae9\" data-element_type=\"column\">\n\t\t\t<div class=\"elementor-widget-wrap elementor-element-populated\">\n\t\t\t\t\t\t\t\t<div class=\"elementor-element elementor-element-7c2c2ded animated-slow elementor-widget__width-initial elementor-absolute elementor-invisible elementor-widget elementor-widget-move-doul-color-heading\" data-id=\"7c2c2ded\" data-element_type=\"widget\" data-settings=\"{&quot;_animation&quot;:&quot;fadeIn&quot;,&quot;_position&quot;:&quot;absolute&quot;}\" data-widget_type=\"move-doul-color-heading.default\">\n\t\t\t\t<div class=\"elementor-widget-container\">\n\t\t\t<div class=\"htmove-heading htmove-heading-center htmove-sub-heading-pos-\"><h2  class=\"htmove-heading-title\">S\u0130Z\u0130N \u0130\u00c7\u0130N H\u0130ZMETLER\u0130M\u0130Z KAL\u0130TE VE G\u00dcVEN <\/h2><\/div>\t\t<\/div>\n\t\t\t\t<\/div>\n\t\t\t\t\t<\/div>\n\t\t<\/div>\n\t\t\t\t\t\t\t<\/div>\n\t\t<\/section>\n\t\t\t\t<section class=\"elementor-section elementor-top-section elementor-element elementor-element-39e986ed elementor-section-boxed elementor-section-height-default elementor-section-height-default\" data-id=\"39e986ed\" data-element_type=\"section\">\n\t\t\t\t\t\t<div class=\"elementor-container elementor-column-gap-default\">\n\t\t\t\t\t<div class=\"elementor-column elementor-col-100 elementor-top-column elementor-element elementor-element-7395268d\" data-id=\"7395268d\" data-element_type=\"column\">\n\t\t\t<div class=\"elementor-widget-wrap elementor-element-populated\">\n\t\t\t\t\t\t\t\t<div class=\"elementor-element elementor-element-2902589a animated-slow htmove-heading-center elementor-invisible elementor-widget elementor-widget-move-doul-color-heading\" data-id=\"2902589a\" data-element_type=\"widget\" data-settings=\"{&quot;_animation&quot;:&quot;fadeIn&quot;}\" data-widget_type=\"move-doul-color-heading.default\">\n\t\t\t\t<div class=\"elementor-widget-container\">\n\t\t\t<div class=\"htmove-heading htmove-heading-center htmove-sub-heading-pos-top\"><span  class=\"htmove-heading-sub-title\">Trafik Hayatt\u0131r<\/span><h2  class=\"htmove-heading-title\">Onar\u0131m <span class=\"htmove-heighlight-txt\">Bak\u0131m<\/span><\/h2><\/div>\t\t<\/div>\n\t\t\t\t<\/div>\n\t\t\t\t<section class=\"elementor-section elementor-inner-section elementor-element elementor-element-54b48abe elementor-section-full_width animated-slow elementor-section-height-default elementor-section-height-default elementor-invisible\" data-id=\"54b48abe\" data-element_type=\"section\" data-settings=\"{&quot;animation&quot;:&quot;fadeInUp&quot;}\">\n\t\t\t\t\t\t<div class=\"elementor-container elementor-column-gap-default\">\n\t\t\t\t\t<div class=\"elementor-column elementor-col-25 elementor-inner-column elementor-element elementor-element-1525f39b\" data-id=\"1525f39b\" data-element_type=\"column\">\n\t\t\t<div class=\"elementor-widget-wrap elementor-element-populated\">\n\t\t\t\t\t\t\t\t<div class=\"elementor-element elementor-element-48714c06 htmove-infobox-align--tabletleft htmove-infobox-align--mobileleft htmove-infobox-align-center elementor-widget elementor-widget-move-info-box\" data-id=\"48714c06\" data-element_type=\"widget\" data-widget_type=\"move-info-box.default\">\n\t\t\t\t<div class=\"elementor-widget-container\">\n\t\t\t                \r\n        <div class=\"htmove-infobox htmove-infobox-one htmove-infobox-iconpos-\" >\r\n            <div class=\"htmove-infobox-inner\">\r\n                <div class=\"htmove-infobox-icon\"><i aria-hidden=\"true\" class=\"fas fa-cloud-rain\"><\/i><\/div><div class=\"htmove-infobox-content\"><h5 class=\"htmove-infobox-title\">Dolu Hasar Onar\u0131m\u0131<\/h5> <p class=\"htmove-infobox-text\">Golf topundan daha k\u00fc\u00e7\u00fck g\u00f6\u00e7\u00fcklerde. Baz\u0131 durumlarda futbol topu b\u00fcy\u00fckl\u00fc\u011f\u00fcndeki g\u00f6\u00e7\u00fckler de d\u00fczeltilebilirler. Genellikle 1988 modelden daha yeni ara\u00e7larda. G\u00f6\u00e7\u00fck b\u00f6lgesindeki boyan\u0131n k\u0131r\u0131lmam\u0131\u015f ve \u00e7atlamam\u0131\u015f olmas\u0131 durumlar\u0131<\/p> <\/div>            <\/div>\r\n        <\/div>\r\n        \t\t<\/div>\n\t\t\t\t<\/div>\n\t\t\t\t\t<\/div>\n\t\t<\/div>\n\t\t\t\t<div class=\"elementor-column elementor-col-25 elementor-inner-column elementor-element elementor-element-78aee9df\" data-id=\"78aee9df\" data-element_type=\"column\">\n\t\t\t<div class=\"elementor-widget-wrap elementor-element-populated\">\n\t\t\t\t\t\t\t\t<div class=\"elementor-element elementor-element-294bcd42 htmove-infobox-align-center elementor-widget elementor-widget-move-info-box\" data-id=\"294bcd42\" data-element_type=\"widget\" data-widget_type=\"move-info-box.default\">\n\t\t\t\t<div class=\"elementor-widget-container\">\n\t\t\t                \r\n        <div class=\"htmove-infobox htmove-infobox-one htmove-infobox-iconpos-\" >\r\n            <div class=\"htmove-infobox-inner\">\r\n                <div class=\"htmove-infobox-icon\"><i aria-hidden=\"true\" class=\"far fa-dot-circle\"><\/i><\/div><div class=\"htmove-infobox-content\"><h5 class=\"htmove-infobox-title\">Boyas\u0131z G\u00f6\u00e7\u00fck D\u00fczeltme<\/h5> <p class=\"htmove-infobox-text\">Boyas\u0131z g\u00f6\u00e7\u00fck d\u00fczeltme, arac\u0131n\u0131zda kap\u0131, kaput, \u00e7amurluk, tavan, bagaj vb. k\u0131s\u0131mlarda olu\u015fan \u00e7e\u015fitli vuruklar, ta\u015f darbeleri gibi 1 ila 5 cm \u00e7a\u011f\u0131ndaki g\u00f6\u00e7\u00fcklerin arac\u0131n orijinalli\u011fine zarar vermeden ve boya i\u015flemine gerek kalmadan d\u00fczeltimidir<\/p> <\/div>            <\/div>\r\n        <\/div>\r\n        \t\t<\/div>\n\t\t\t\t<\/div>\n\t\t\t\t\t<\/div>\n\t\t<\/div>\n\t\t\t\t<div class=\"elementor-column elementor-col-25 elementor-inner-column elementor-element elementor-element-717bbba3\" data-id=\"717bbba3\" data-element_type=\"column\">\n\t\t\t<div class=\"elementor-widget-wrap elementor-element-populated\">\n\t\t\t\t\t\t\t\t<div class=\"elementor-element elementor-element-5e12b033 htmove-infobox-align-center elementor-widget elementor-widget-move-info-box\" data-id=\"5e12b033\" data-element_type=\"widget\" data-widget_type=\"move-info-box.default\">\n\t\t\t\t<div class=\"elementor-widget-container\">\n\t\t\t                \r\n        <div class=\"htmove-infobox htmove-infobox-one htmove-infobox-iconpos-\" >\r\n            <div class=\"htmove-infobox-inner\">\r\n                <div class=\"htmove-infobox-icon\"><i aria-hidden=\"true\" class=\"fas fa-dice-four\"><\/i><\/div><div class=\"htmove-infobox-content\"><h5 class=\"htmove-infobox-title\">Hasat Tespit<\/h5> <p class=\"htmove-infobox-text\">Arac\u0131n\u0131z\u0131n y\u0131lda 1 defa veya belirli KM.'de yap\u0131lmas\u0131 gereken, i\u00e7eri\u011finde de\u011fi\u015fimler ve kontrollerin oldu\u011fu bak\u0131md\u0131r. De\u011fi\u015fmesi gereken par\u00e7alar ve kotrol edilmesi gereken noktalar her bak\u0131mda farkl\u0131l\u0131k g\u00f6sterir ve personellerimiz taraf\u0131ndan uygun g\u00f6r\u00fclen aral\u0131klarla yap\u0131l\u0131r.<\/p> <\/div>            <\/div>\r\n        <\/div>\r\n        \t\t<\/div>\n\t\t\t\t<\/div>\n\t\t\t\t\t<\/div>\n\t\t<\/div>\n\t\t\t\t<div class=\"elementor-column elementor-col-25 elementor-inner-column elementor-element elementor-element-79c10e48\" data-id=\"79c10e48\" data-element_type=\"column\">\n\t\t\t<div class=\"elementor-widget-wrap elementor-element-populated\">\n\t\t\t\t\t\t\t\t<div class=\"elementor-element elementor-element-5e399c43 htmove-infobox-align-center elementor-widget elementor-widget-move-info-box\" data-id=\"5e399c43\" data-element_type=\"widget\" data-widget_type=\"move-info-box.default\">\n\t\t\t\t<div class=\"elementor-widget-container\">\n\t\t\t                \r\n        <div class=\"htmove-infobox htmove-infobox-one htmove-infobox-iconpos-\" >\r\n            <div class=\"htmove-infobox-inner\">\r\n                <div class=\"htmove-infobox-icon\"><i aria-hidden=\"true\" class=\"fas fa-rainbow\"><\/i><\/div><div class=\"htmove-infobox-content\"><h5 class=\"htmove-infobox-title\">Egzoz Testi<\/h5> <p class=\"htmove-infobox-text\">Ara\u00e7 muayenesi ba\u015fta olmak \u00fczere yap\u0131lmas\u0131 gereken ve arac\u0131n\u0131z\u0131n yak\u0131t sistemi ile ilgili at\u0131k emisyon \u00f6l\u00e7\u00fcm\u00fcn\u00fcn yap\u0131lmas\u0131d\u0131r. YLZ Otomotiv \u00c7evre ve \u015eehircilik Bakanl\u0131\u011f\u0131 taraf\u0131ndan Yetkililendirilmi\u015f \u00f6l\u00e7\u00fcm merkezidir.<\/p> <\/div>            <\/div>\r\n        <\/div>\r\n        \t\t<\/div>\n\t\t\t\t<\/div>\n\t\t\t\t\t<\/div>\n\t\t<\/div>\n\t\t\t\t\t\t\t<\/div>\n\t\t<\/section>\n\t\t\t\t<section class=\"elementor-section elementor-inner-section elementor-element elementor-element-280cd6dd elementor-section-full_width animated-slow elementor-section-height-default elementor-section-height-default elementor-invisible\" data-id=\"280cd6dd\" data-element_type=\"section\" data-settings=\"{&quot;animation&quot;:&quot;fadeInUp&quot;}\">\n\t\t\t\t\t\t<div class=\"elementor-container elementor-column-gap-default\">\n\t\t\t\t\t<div class=\"elementor-column elementor-col-25 elementor-inner-column elementor-element elementor-element-22c0053a\" data-id=\"22c0053a\" data-element_type=\"column\">\n\t\t\t<div class=\"elementor-widget-wrap elementor-element-populated\">\n\t\t\t\t\t\t\t\t<div class=\"elementor-element elementor-element-441d28b5 htmove-infobox-align-center elementor-widget elementor-widget-move-info-box\" data-id=\"441d28b5\" data-element_type=\"widget\" data-widget_type=\"move-info-box.default\">\n\t\t\t\t<div class=\"elementor-widget-container\">\n\t\t\t                \r\n        <div class=\"htmove-infobox htmove-infobox-one htmove-infobox-iconpos-\" >\r\n            <div class=\"htmove-infobox-inner\">\r\n                <div class=\"htmove-infobox-icon\"><i aria-hidden=\"true\" class=\"fab fa-trello\"><\/i><\/div><div class=\"htmove-infobox-content\"><h5 class=\"htmove-infobox-title\">Kaporta<\/h5> <p class=\"htmove-infobox-text\">Ta\u015f\u0131t\u0131n sac b\u00f6l\u00fcm\u00fc genel olarak kaporta anlam\u0131na gelmektedir. Arabay\u0131 kaplayan bu sa\u00e7 yap\u0131n\u0131n t\u00fcm ara\u00e7 par\u00e7alar\u0131n\u0131 i\u00e7eren, motoru, kabini de dahil onar\u0131m ve de\u011fi\u015fim hizmetlerini i\u00e7erir.<\/p> <\/div>            <\/div>\r\n        <\/div>\r\n        \t\t<\/div>\n\t\t\t\t<\/div>\n\t\t\t\t\t<\/div>\n\t\t<\/div>\n\t\t\t\t<div class=\"elementor-column elementor-col-25 elementor-inner-column elementor-element elementor-element-630e3065\" data-id=\"630e3065\" data-element_type=\"column\">\n\t\t\t<div class=\"elementor-widget-wrap elementor-element-populated\">\n\t\t\t\t\t\t\t\t<div class=\"elementor-element elementor-element-74acc29b htmove-infobox-align-center elementor-widget elementor-widget-move-info-box\" data-id=\"74acc29b\" data-element_type=\"widget\" data-widget_type=\"move-info-box.default\">\n\t\t\t\t<div class=\"elementor-widget-container\">\n\t\t\t                \r\n        <div class=\"htmove-infobox htmove-infobox-one htmove-infobox-iconpos-\" >\r\n            <div class=\"htmove-infobox-inner\">\r\n                <div class=\"htmove-infobox-icon\"><i aria-hidden=\"true\" class=\"fas fa-brush\"><\/i><\/div><div class=\"htmove-infobox-content\"><h5 class=\"htmove-infobox-title\">Boya ve Koruma<\/h5> <p class=\"htmove-infobox-text\">Ara\u00e7 kaporta boyanmas\u0131 ve bak\u0131m\u0131d\u0131r. Koruma ise arac\u0131n\u0131z\u0131n boyas\u0131n\u0131 korurken g\u00f6r\u00fcn\u00fcm\u00fcn\u00fc de iyile\u015ftirerek sizi ilave masraflardan korur.<\/p> <\/div>            <\/div>\r\n        <\/div>\r\n        \t\t<\/div>\n\t\t\t\t<\/div>\n\t\t\t\t\t<\/div>\n\t\t<\/div>\n\t\t\t\t<div class=\"elementor-column elementor-col-25 elementor-inner-column elementor-element elementor-element-1dfc113e\" data-id=\"1dfc113e\" data-element_type=\"column\">\n\t\t\t<div class=\"elementor-widget-wrap elementor-element-populated\">\n\t\t\t\t\t\t\t\t<div class=\"elementor-element elementor-element-3609f358 htmove-infobox-align-center elementor-widget elementor-widget-move-info-box\" data-id=\"3609f358\" data-element_type=\"widget\" data-widget_type=\"move-info-box.default\">\n\t\t\t\t<div class=\"elementor-widget-container\">\n\t\t\t                \r\n        <div class=\"htmove-infobox htmove-infobox-one htmove-infobox-iconpos-\" >\r\n            <div class=\"htmove-infobox-inner\">\r\n                <div class=\"htmove-infobox-icon\"><i aria-hidden=\"true\" class=\"fas fa-pills\"><\/i><\/div><div class=\"htmove-infobox-content\"><h5 class=\"htmove-infobox-title\"> Mekanik<\/h5> <p class=\"htmove-infobox-text\">Arac\u0131n\u0131z\u0131n sa\u011fl\u0131kl\u0131 bir \u015fekilde \u00e7al\u0131\u015fabilmesi ve i\u015flevini yerine getirebilmesi i\u00e7in sadece motor k\u0131sm\u0131nda de\u011fil, fren balatalar\u0131ndan lastik ve s\u00fcspansiyonuna kadar bir \u00e7ok mekanik aksam bulunmaktad\u0131r.<\/p> <\/div>            <\/div>\r\n        <\/div>\r\n        \t\t<\/div>\n\t\t\t\t<\/div>\n\t\t\t\t\t<\/div>\n\t\t<\/div>\n\t\t\t\t<div class=\"elementor-column elementor-col-25 elementor-inner-column elementor-element elementor-element-6cbbdc29\" data-id=\"6cbbdc29\" data-element_type=\"column\">\n\t\t\t<div class=\"elementor-widget-wrap elementor-element-populated\">\n\t\t\t\t\t\t\t\t<div class=\"elementor-element elementor-element-5bd308b5 htmove-infobox-align-center elementor-widget elementor-widget-move-info-box\" data-id=\"5bd308b5\" data-element_type=\"widget\" data-widget_type=\"move-info-box.default\">\n\t\t\t\t<div class=\"elementor-widget-container\">\n\t\t\t                \r\n        <div class=\"htmove-infobox htmove-infobox-one htmove-infobox-iconpos-\" >\r\n            <div class=\"htmove-infobox-inner\">\r\n                <div class=\"htmove-infobox-icon\"><i aria-hidden=\"true\" class=\"fas fa-truck\"><\/i><\/div><div class=\"htmove-infobox-content\"><h5 class=\"htmove-infobox-title\">Ara\u00e7 Yard\u0131m<\/h5> <p class=\"htmove-infobox-text\">M\u00fc\u015fterilerimize ara\u00e7lar\u0131n\u0131n her hangi bir durumda yarataca\u011f\u0131 sorunlar kar\u015f\u0131s\u0131nda yolda kalmalar\u0131 h\u00e2linde ara\u00e7 yard\u0131m hizmetlerimizi en h\u0131zl\u0131 ve g\u00fcvenli bir \u015fekilde sunuyoruz<\/p> <\/div>            <\/div>\r\n        <\/div>\r\n        \t\t<\/div>\n\t\t\t\t<\/div>\n\t\t\t\t\t<\/div>\n\t\t<\/div>\n\t\t\t\t\t\t\t<\/div>\n\t\t<\/section>\n\t\t\t\t\t<\/div>\n\t\t<\/div>\n\t\t\t\t\t\t\t<\/div>\n\t\t<\/section>\n\t\t\t\t<section class=\"elementor-section elementor-top-section elementor-element elementor-element-74e380b9 elementor-section-boxed elementor-section-height-default elementor-section-height-default\" data-id=\"74e380b9\" data-element_type=\"section\" data-settings=\"{&quot;background_background&quot;:&quot;classic&quot;}\">\n\t\t\t\t\t\t<div class=\"elementor-container elementor-column-gap-default\">\n\t\t\t\t\t<div class=\"elementor-column elementor-col-100 elementor-top-column elementor-element elementor-element-1f7c9480\" data-id=\"1f7c9480\" data-element_type=\"column\">\n\t\t\t<div class=\"elementor-widget-wrap elementor-element-populated\">\n\t\t\t\t\t\t\t\t<div class=\"elementor-element elementor-element-7bd2d8f4 animated-slow htmove-heading-center elementor-invisible elementor-widget elementor-widget-move-doul-color-heading\" data-id=\"7bd2d8f4\" data-element_type=\"widget\" data-settings=\"{&quot;_animation&quot;:&quot;fadeIn&quot;}\" data-widget_type=\"move-doul-color-heading.default\">\n\t\t\t\t<div class=\"elementor-widget-container\">\n\t\t\t<div class=\"htmove-heading htmove-heading-center htmove-sub-heading-pos-top\"><span  class=\"htmove-heading-sub-title\">S\u0130Z\u0130N \u0130\u00c7\u0130N<\/span><h2  class=\"htmove-heading-title\">Hizmet  <span class=\"htmove-heighlight-txt\">\u00dcretiyoruz<\/span><\/h2><\/div>\t\t<\/div>\n\t\t\t\t<\/div>\n\t\t\t\t<div class=\"elementor-element elementor-element-65f7d890 animated-slow elementor-invisible elementor-widget elementor-widget-move-testimonial\" data-id=\"65f7d890\" data-element_type=\"widget\" data-settings=\"{&quot;_animation&quot;:&quot;fadeInUp&quot;}\" data-widget_type=\"move-testimonial.default\">\n\t\t\t\t<div class=\"elementor-widget-container\">\n\t\t\t<div class=\"htmove-testimonial-area htmove-slider-area\"><div class=\"htmove-swiper-slider swiper-container\" data-settings=\"{&quot;slideitem&quot;:{&quot;item&quot;:1,&quot;desktop&quot;:1,&quot;tablet&quot;:1,&quot;small_mobile&quot;:1,&quot;large_mobile&quot;:1,&quot;landscape_mobile&quot;:1},&quot;speed&quot;:300,&quot;spacebetween&quot;:30,&quot;loop&quot;:true,&quot;autoplay&quot;:false,&quot;autoplay_delay&quot;:0,&quot;navigation&quot;:false,&quot;pagination&quot;:false,&quot;uniqid&quot;:&quot;65f7d890&quot;,&quot;style&quot;:&quot;one&quot;,&quot;totalitem&quot;:1}\"><div class=\"swiper-wrapper\">            <div class=\"htmove-testimonial htmove-testimonial-one htmove-image-pos-top htmove-title-designation-after swiper-slide\" >\r\n                <div class=\"htmove-testimonial-thumb\"><img fetchpriority=\"high\" width=\"512\" height=\"512\" src=\"http:\/\/ylzotomotiv.com\/wp-content\/uploads\/2023\/11\/logoMinn-1.png\" class=\"attachment-full size-full wp-image-191\" alt=\"\" decoding=\"async\" srcset=\"http:\/\/ylzotomotiv.com\/wp-content\/uploads\/2023\/11\/logoMinn-1.png 512w, http:\/\/ylzotomotiv.com\/wp-content\/uploads\/2023\/11\/logoMinn-1-300x300.png 300w, http:\/\/ylzotomotiv.com\/wp-content\/uploads\/2023\/11\/logoMinn-1-150x150.png 150w, http:\/\/ylzotomotiv.com\/wp-content\/uploads\/2023\/11\/logoMinn-1-370x370.png 370w\" sizes=\"(max-width: 512px) 100vw, 512px\" \/><\/div>                <!-- Testimonial Content Start -->\r\n                <div class=\"htmove-testimonial-content\">\r\n                    <div class=\"htmove-testimonial-text\"><p>\"Hi\u00e7bir ba\u015far\u0131 tesad\u00fcf de\u011fildir. YLZ Otomotiv olarak sekt\u00f6r\u00fcm\u00fczde \u00f6nc\u00fcl\u00fck yapmaktan ve kalite \u00fcretmekten mutluluk duyuyoruz\"<\/p><\/div>                    <div class=\"htmove-testimonial-info\">\r\n                        <h6 class=\"htmove-testimonial-name\">Osman Y\u0131lmaz<\/h6><span class=\"htmove-testimonial-position\">Marka Sahibi<\/span>                    <\/div>\r\n                <\/div>\r\n                <!-- Testimonial Content End -->\r\n            <\/div>\r\n            <\/div><\/div><\/div>\t\t<\/div>\n\t\t\t\t<\/div>\n\t\t\t\t\t<\/div>\n\t\t<\/div>\n\t\t\t\t\t\t\t<\/div>\n\t\t<\/section>\n\t\t\t\t<section class=\"elementor-section elementor-top-section elementor-element elementor-element-41836275 elementor-section-boxed elementor-section-height-default elementor-section-height-default\" data-id=\"41836275\" data-element_type=\"section\">\n\t\t\t\t\t\t<div class=\"elementor-container elementor-column-gap-no\">\n\t\t\t\t\t<div class=\"elementor-column elementor-col-100 elementor-top-column elementor-element elementor-element-2a703015\" data-id=\"2a703015\" data-element_type=\"column\">\n\t\t\t<div class=\"elementor-widget-wrap elementor-element-populated\">\n\t\t\t\t\t\t\t\t<div class=\"elementor-element elementor-element-7775d219 animated-slow htmove-heading-center elementor-invisible elementor-widget elementor-widget-move-doul-color-heading\" data-id=\"7775d219\" data-element_type=\"widget\" data-settings=\"{&quot;_animation&quot;:&quot;fadeIn&quot;}\" data-widget_type=\"move-doul-color-heading.default\">\n\t\t\t\t<div class=\"elementor-widget-container\">\n\t\t\t<div class=\"htmove-heading htmove-heading-center htmove-sub-heading-pos-\"><h2  class=\"htmove-heading-title\">S\u00f6z Verdi\u011fimiz <span class=\"htmove-heighlight-txt\">Gibi<\/span><\/h2><\/div>\t\t<\/div>\n\t\t\t\t<\/div>\n\t\t\t\t\t<\/div>\n\t\t<\/div>\n\t\t\t\t\t\t\t<\/div>\n\t\t<\/section>\n\t\t\t\t\t\t\t<\/div>\n\t\t","protected":false},"excerpt":{"rendered":"<p>S\u0130Z\u0130N \u0130\u00c7\u0130N H\u0130ZMETLER\u0130M\u0130Z KAL\u0130TE VE G\u00dcVEN Trafik Hayatt\u0131r Onar\u0131m Bak\u0131m Dolu Hasar Onar\u0131m\u0131 Golf topundan daha k\u00fc\u00e7\u00fck g\u00f6\u00e7\u00fcklerde. Baz\u0131 durumlarda futbol topu b\u00fcy\u00fckl\u00fc\u011f\u00fcndeki g\u00f6\u00e7\u00fckler de d\u00fczeltilebilirler. Genellikle 1988 modelden daha yeni ara\u00e7larda. G\u00f6\u00e7\u00fck b\u00f6lgesindeki boyan\u0131n k\u0131r\u0131lmam\u0131\u015f ve \u00e7atlamam\u0131\u015f olmas\u0131 durumlar\u0131 Boyas\u0131z G\u00f6\u00e7\u00fck D\u00fczeltme Boyas\u0131z g\u00f6\u00e7\u00fck d\u00fczeltme, arac\u0131n\u0131zda kap\u0131, kaput, \u00e7amurluk, tavan, bagaj vb. k\u0131s\u0131mlarda olu\u015fan [&hellip;]<\/p>\n","protected":false},"author":1,"featured_media":0,"parent":0,"menu_order":0,"comment_status":"closed","ping_status":"closed","template":"elementor_header_footer","meta":[],"_links":{"self":[{"href":"http:\/\/ylzotomotiv.com\/index.php?rest_route=\/wp\/v2\/pages\/71"}],"collection":[{"href":"http:\/\/ylzotomotiv.com\/index.php?rest_route=\/wp\/v2\/pages"}],"about":[{"href":"http:\/\/ylzotomotiv.com\/index.php?rest_route=\/wp\/v2\/types\/page"}],"author":[{"embeddable":true,"href":"http:\/\/ylzotomotiv.com\/index.php?rest_route=\/wp\/v2\/users\/1"}],"replies":[{"embeddable":true,"href":"http:\/\/ylzotomotiv.com\/index.php?rest_route=%2Fwp%2Fv2%2Fcomments&post=71"}],"version-history":[{"count":20,"href":"http:\/\/ylzotomotiv.com\/index.php?rest_route=\/wp\/v2\/pages\/71\/revisions"}],"predecessor-version":[{"id":389,"href":"http:\/\/ylzotomotiv.com\/index.php?rest_route=\/wp\/v2\/pages\/71\/revisions\/389"}],"wp:attachment":[{"href":"http:\/\/ylzotomotiv.com\/index.php?rest_route=%2Fwp%2Fv2%2Fmedia&parent=71"}],"curies":[{"name":"wp","href":"https:\/\/api.w.org\/{rel}","templated":true}]}}